[INFO] fetching crate livox 0.1.1...
[INFO] checking livox-0.1.1 against master#cfbc6d4cf1acbac5c025acf8ed68929caa551df3 for pr-75494-beta
[INFO] extracting crate livox 0.1.1 into /workspace/builds/worker-4/source
[INFO] validating manifest of crates.io crate livox 0.1.1 on toolchain cfbc6d4cf1acbac5c025acf8ed68929caa551df3
[INFO] running `Command { std: "/workspace/cargo-home/bin/cargo" "+cfbc6d4cf1acbac5c025acf8ed68929caa551df3" "read-manifest" "--manifest-path" "Cargo.toml", kill_on_drop: false }`
[INFO] started tweaking crates.io crate livox 0.1.1
[INFO] finished tweaking crates.io crate livox 0.1.1
[INFO] tweaked toml for crates.io crate livox 0.1.1 written to /workspace/builds/worker-4/source/Cargo.toml
[INFO] crate crates.io crate livox 0.1.1 already has a lockfile, it will not be regenerated
[INFO] running `Command { std: "/workspace/cargo-home/bin/cargo" "+cfbc6d4cf1acbac5c025acf8ed68929caa551df3" "fetch" "--locked" "--manifest-path" "Cargo.toml", kill_on_drop: false }`
[INFO] [stderr]  Downloading crates ...
[INFO] [stderr]   Downloaded byteorder v1.3.1
[INFO] [stderr]   Downloaded cmake v0.1.40
[INFO] [stderr]   Downloaded chrono v0.4.7
[INFO] [stderr]   Downloaded nom v5.1.1
[INFO] [stderr]   Downloaded autocfg v0.1.5
[INFO] [stderr]   Downloaded cc v1.0.38
[INFO] [stderr]   Downloaded las v0.7.0
[INFO] [stderr]   Downloaded livox-sys v0.1.1
[INFO] [stderr]   Downloaded bindgen v0.53.2
[INFO] running `Command { std: "docker" "create" "-v" "/var/lib/crater-agent-workspace/builds/worker-4/target:/opt/rustwide/target:rw,Z" "-v" "/var/lib/crater-agent-workspace/builds/worker-4/source:/opt/rustwide/workdir:ro,Z" "-v" "/var/lib/crater-agent-workspace/cargo-home:/opt/rustwide/cargo-home:ro,Z" "-v" "/var/lib/crater-agent-workspace/rustup-home:/opt/rustwide/rustup-home:ro,Z" "-e" "SOURCE_DIR=/opt/rustwide/workdir" "-e" "CARGO_TARGET_DIR=/opt/rustwide/target" "-e" "CARGO_HOME=/opt/rustwide/cargo-home" "-e" "RUSTUP_HOME=/opt/rustwide/rustup-home" "-w" "/opt/rustwide/workdir" "-m" "1610612736" "--user" "0:0" "--network" "none" "rustops/crates-build-env@sha256:a636fd89d022f18117e1dc8fb37a0a009933cdbbe082814857f0e2024962d47c" "/opt/rustwide/cargo-home/bin/cargo" "+cfbc6d4cf1acbac5c025acf8ed68929caa551df3" "metadata" "--no-deps" "--format-version=1", kill_on_drop: false }`
[INFO] [stdout] c0bbd5c4c9dbb09af60a68f2e2487dce671d6ad435237c40961eea7c7d3ff343
[INFO] [stderr] WARNING: Your kernel does not support swap limit capabilities or the cgroup is not mounted. Memory limited without swap.
[INFO] running `Command { std: "docker" "start" "-a" "c0bbd5c4c9dbb09af60a68f2e2487dce671d6ad435237c40961eea7c7d3ff343", kill_on_drop: false }`
[INFO] running `Command { std: "docker" "inspect" "c0bbd5c4c9dbb09af60a68f2e2487dce671d6ad435237c40961eea7c7d3ff343", kill_on_drop: false }`
[INFO] running `Command { std: "docker" "rm" "-f" "c0bbd5c4c9dbb09af60a68f2e2487dce671d6ad435237c40961eea7c7d3ff343", kill_on_drop: false }`
[INFO] [stdout] c0bbd5c4c9dbb09af60a68f2e2487dce671d6ad435237c40961eea7c7d3ff343
[INFO] running `Command { std: "docker" "create" "-v" "/var/lib/crater-agent-workspace/builds/worker-4/target:/opt/rustwide/target:rw,Z" "-v" "/var/lib/crater-agent-workspace/builds/worker-4/source:/opt/rustwide/workdir:ro,Z" "-v" "/var/lib/crater-agent-workspace/cargo-home:/opt/rustwide/cargo-home:ro,Z" "-v" "/var/lib/crater-agent-workspace/rustup-home:/opt/rustwide/rustup-home:ro,Z" "-e" "SOURCE_DIR=/opt/rustwide/workdir" "-e" "CARGO_TARGET_DIR=/opt/rustwide/target" "-e" "CARGO_INCREMENTAL=0" "-e" "RUST_BACKTRACE=full" "-e" "RUSTFLAGS=--cap-lints=forbid" "-e" "CARGO_HOME=/opt/rustwide/cargo-home" "-e" "RUSTUP_HOME=/opt/rustwide/rustup-home" "-w" "/opt/rustwide/workdir" "-m" "1610612736" "--user" "0:0" "--network" "none" "rustops/crates-build-env@sha256:a636fd89d022f18117e1dc8fb37a0a009933cdbbe082814857f0e2024962d47c" "/opt/rustwide/cargo-home/bin/cargo" "+cfbc6d4cf1acbac5c025acf8ed68929caa551df3" "check" "--frozen" "--all" "--all-targets" "--message-format=json", kill_on_drop: false }`
[INFO] [stdout] edcef4fe273b1b19fbb85abb689d2a7099afda16bffeaeb1b7bd80ba87a1ca55
[INFO] [stderr] WARNING: Your kernel does not support swap limit capabilities or the cgroup is not mounted. Memory limited without swap.
[INFO] running `Command { std: "docker" "start" "-a" "edcef4fe273b1b19fbb85abb689d2a7099afda16bffeaeb1b7bd80ba87a1ca55", kill_on_drop: false }`
[INFO] [stderr]    Compiling autocfg v0.1.5
[INFO] [stderr]    Compiling libc v0.2.69
[INFO] [stderr]    Compiling rand_core v0.4.0
[INFO] [stderr]    Compiling memchr v2.2.1
[INFO] [stderr]    Compiling cc v1.0.38
[INFO] [stderr]    Compiling version_check v0.9.1
[INFO] [stderr]    Compiling proc-macro2 v0.4.30
[INFO] [stderr]    Compiling lazy_static v1.3.0
[INFO] [stderr]    Compiling bitflags v1.1.0
[INFO] [stderr]    Compiling proc-macro2 v1.0.12
[INFO] [stderr]    Compiling unicode-xid v0.1.0
[INFO] [stderr]    Compiling unicode-width v0.1.5
[INFO] [stderr]    Compiling regex-syntax v0.6.17
[INFO] [stderr]    Compiling unicode-xid v0.2.0
[INFO] [stderr]    Compiling termcolor v1.0.5
[INFO] [stderr]    Compiling bindgen v0.53.2
[INFO] [stderr]    Compiling vec_map v0.8.1
[INFO] [stderr]     Checking cfg-if v0.1.9
[INFO] [stderr]    Compiling syn v0.15.42
[INFO] [stderr]     Checking siphasher v0.2.3
[INFO] [stderr]    Compiling livox v0.1.1 (/opt/rustwide/workdir)
[INFO] [stderr]     Checking approx v0.1.1
[INFO] [stderr]    Compiling clang-sys v0.29.3
[INFO] [stderr]    Compiling humantime v1.3.0
[INFO] [stderr]    Compiling thread_local v1.0.1
[INFO] [stderr]    Compiling textwrap v0.11.0
[INFO] [stderr]     Checking uuid v0.6.5
[INFO] [stderr]    Compiling rand_core v0.3.1
[INFO] [stderr]    Compiling rand_jitter v0.1.4
[INFO] [stderr]     Checking log v0.4.8
[INFO] [stderr]     Checking phf_shared v0.7.24
[INFO] [stderr]    Compiling rand_xorshift v0.1.1
[INFO] [stderr]    Compiling rand_isaac v0.1.1
[INFO] [stderr]    Compiling rand_hc v0.1.0
[INFO] [stderr]    Compiling cmake v0.1.40
[INFO] [stderr]    Compiling num-traits v0.2.8
[INFO] [stderr]    Compiling rand_chacha v0.1.1
[INFO] [stderr]    Compiling num-integer v0.1.41
[INFO] [stderr]    Compiling rand_pcg v0.1.2
[INFO] [stderr]    Compiling rand v0.6.5
[INFO] [stderr]    Compiling num-iter v0.1.39
[INFO] [stderr]     Checking log v0.3.9
[INFO] [stderr]    Compiling nom v5.1.1
[INFO] [stderr]     Checking phf v0.7.24
[INFO] [stderr]    Compiling aho-corasick v0.7.10
[INFO] [stderr]    Compiling quote v1.0.4
[INFO] [stderr]     Checking num-complex v0.1.43
[INFO] [stderr]    Compiling libloading v0.5.2
[INFO] [stderr]    Compiling quote v0.6.13
[INFO] [stderr]    Compiling atty v0.2.13
[INFO] [stderr]    Compiling rand_os v0.1.3
[INFO] [stderr]    Compiling which v3.1.1
[INFO] [stderr]     Checking rand v0.4.6
[INFO] [stderr]     Checking time v0.1.42
[INFO] [stderr]    Compiling clap v2.33.0
[INFO] [stderr]    Compiling syn v0.14.9
[INFO] [stderr]     Checking chrono v0.4.7
[INFO] [stderr]     Checking num-bigint v0.1.44
[INFO] [stderr]    Compiling regex v1.3.7
[INFO] [stderr]    Compiling phf_generator v0.7.24
[INFO] [stderr]    Compiling phf_codegen v0.7.24
[INFO] [stderr]     Checking num-rational v0.1.42
[INFO] [stderr]    Compiling palette v0.4.1
[INFO] [stderr]     Checking num v0.1.42
[INFO] [stderr]     Checking las v0.7.0
[INFO] [stderr]    Compiling cexpr v0.4.0
[INFO] [stderr]    Compiling env_logger v0.7.1
[INFO] [stderr]    Compiling num-derive v0.2.5
[INFO] [stderr]    Compiling palette_derive v0.4.1
[INFO] [stderr]    Compiling livox-sys v0.1.1
[INFO] [stderr] error: failed to run custom build command for `livox-sys v0.1.1`
[INFO] [stderr] 
[INFO] [stderr] Caused by:
[INFO] [stderr]   process didn't exit successfully: `/opt/rustwide/target/debug/build/livox-sys-5707c1f084a94a27/build-script-build` (exit code: 101)
[INFO] [stderr]   --- stdout
[INFO] [stderr]   running: "cmake" "/opt/rustwide/cargo-home/registry/src/github.com-1ecc6299db9ec823/livox-sys-0.1.1/src/Livox-SDK" "-DCMAKE_INSTALL_PREFIX=/opt/rustwide/target/debug/build/livox-sys-3af2538839c52072/out" "-DCMAKE_C_FLAGS= -ffunction-sections -fdata-sections -fPIC -m64" "-DCMAKE_C_COMPILER=/usr/bin/cc" "-DCMAKE_CXX_FLAGS= -ffunction-sections -fdata-sections -fPIC -m64" "-DCMAKE_CXX_COMPILER=/usr/bin/c++" "-DCMAKE_BUILD_TYPE=Debug"
[INFO] [stderr]   -- The C compiler identification is GNU 9.3.0
[INFO] [stderr]   -- The CXX compiler identification is GNU 9.3.0
[INFO] [stderr]   -- Check for working C compiler: /usr/bin/cc
[INFO] [stderr]   -- Check for working C compiler: /usr/bin/cc -- works
[INFO] [stderr]   -- Detecting C compiler ABI info
[INFO] [stderr]   -- Detecting C compiler ABI info - done
[INFO] [stderr]   -- Detecting C compile features
[INFO] [stderr]   -- Detecting C compile features - done
[INFO] [stderr]   -- Check for working CXX compiler: /usr/bin/c++
[INFO] [stderr]   -- Check for working CXX compiler: /usr/bin/c++ -- works
[INFO] [stderr]   -- Detecting CXX compiler ABI info
[INFO] [stderr]   -- Detecting CXX compiler ABI info - done
[INFO] [stderr]   -- Detecting CXX compile features
[INFO] [stderr]   -- Detecting CXX compile features - done
[INFO] [stderr]   -- main project dir: /opt/rustwide/cargo-home/registry/src/github.com-1ecc6299db9ec823/livox-sys-0.1.1/src/Livox-SDK
[INFO] [stderr]   -- Found PkgConfig: /usr/bin/pkg-config (found version "0.29.1") 
[INFO] [stderr]   -- Checking for module 'apr-1'
[INFO] [stderr]   --   No package 'apr-1' found
[INFO] [stderr]   -- Configuring done
[INFO] [stderr]   -- Generating done
[INFO] [stderr]   -- Build files have been written to: /opt/rustwide/target/debug/build/livox-sys-3af2538839c52072/out/build
[INFO] [stderr]   running: "cmake" "--build" "." "--target" "livox_sdk_static" "--config" "Debug" "--"
[INFO] [stderr]   Scanning dependencies of target livox_sdk_static
[INFO] [stderr]   [  4%] Building CXX object sdk_core/CMakeFiles/livox_sdk_static.dir/src/base/io_loop.cpp.o
[INFO] [stderr]   [  9%] Building CXX object sdk_core/CMakeFiles/livox_sdk_static.dir/src/third_party/FastCRC/FastCRCsw.cpp.o
[INFO] [stderr]   [ 14%] Building CXX object sdk_core/CMakeFiles/livox_sdk_static.dir/src/base/network_util.cpp.o
[INFO] [stderr]   [ 19%] Building CXX object sdk_core/CMakeFiles/livox_sdk_static.dir/src/base/logging.cpp.o
[INFO] [stderr]   [ 23%] Building CXX object sdk_core/CMakeFiles/livox_sdk_static.dir/src/base/thread_base.cpp.o
[INFO] [stderr]   [ 28%] Building CXX object sdk_core/CMakeFiles/livox_sdk_static.dir/src/base/io_thread.cpp.o
[INFO] [stderr] 
[INFO] [stderr]   --- stderr
[INFO] [stderr]   error: 'rustfmt' is not installed for the toolchain 'cfbc6d4cf1acbac5c025acf8ed68929caa551df3'
[INFO] [stderr]   To install, run `rustup component add rustfmt --toolchain cfbc6d4cf1acbac5c025acf8ed68929caa551df3`
[INFO] [stderr]   Failed to run rustfmt: Internal rustfmt error (non-fatal, continuing)
[INFO] [stderr]   In file included from /opt/rustwide/cargo-home/registry/src/github.com-1ecc6299db9ec823/livox-sys-0.1.1/src/Livox-SDK/sdk_core/src/base/network_util.cpp:25:
[INFO] [stderr]   /opt/rustwide/cargo-home/registry/src/github.com-1ecc6299db9ec823/livox-sys-0.1.1/src/Livox-SDK/sdk_core/src/base/network_util.h:27:10: fatal error: apr_general.h: No such file or directory
[INFO] [stderr]      27 | #include <apr_general.h>
[INFO] [stderr]         |          ^~~~~~~~~~~~~~~
[INFO] [stderr]   compilation terminated.
[INFO] [stderr]   make[3]: *** [sdk_core/CMakeFiles/livox_sdk_static.dir/build.make:115: sdk_core/CMakeFiles/livox_sdk_static.dir/src/base/network_util.cpp.o] Error 1
[INFO] [stderr]   make[3]: *** Waiting for unfinished jobs....
[INFO] [stderr]   In file included from /opt/rustwide/cargo-home/registry/src/github.com-1ecc6299db9ec823/livox-sys-0.1.1/src/Livox-SDK/sdk_core/src/base/thread_base.cpp:25:
[INFO] [stderr]   /opt/rustwide/cargo-home/registry/src/github.com-1ecc6299db9ec823/livox-sys-0.1.1/src/Livox-SDK/sdk_core/src/base/thread_base.h:27:10: fatal error: apr_general.h: No such file or directory
[INFO] [stderr]      27 | #include <apr_general.h>
[INFO] [stderr]         |          ^~~~~~~~~~~~~~~
[INFO] [stderr]   compilation terminated.
[INFO] [stderr]   make[3]: *** [sdk_core/CMakeFiles/livox_sdk_static.dir/build.make:89: sdk_core/CMakeFiles/livox_sdk_static.dir/src/base/thread_base.cpp.o] Error 1
[INFO] [stderr]   In file included from /opt/rustwide/cargo-home/registry/src/github.com-1ecc6299db9ec823/livox-sys-0.1.1/src/Livox-SDK/sdk_core/src/base/io_loop.cpp:25:
[INFO] [stderr]   /opt/rustwide/cargo-home/registry/src/github.com-1ecc6299db9ec823/livox-sys-0.1.1/src/Livox-SDK/sdk_core/src/base/io_loop.h:33:10: fatal error: apr_general.h: No such file or directory
[INFO] [stderr]      33 | #include "apr_general.h"
[INFO] [stderr]         |          ^~~~~~~~~~~~~~~
[INFO] [stderr]   compilation terminated.
[INFO] [stderr]   In file included from /opt/rustwide/cargo-home/registry/src/github.com-1ecc6299db9ec823/livox-sys-0.1.1/src/Livox-SDK/sdk_core/src/base/io_thread.h:28,
[INFO] [stderr]                    from /opt/rustwide/cargo-home/registry/src/github.com-1ecc6299db9ec823/livox-sys-0.1.1/src/Livox-SDK/sdk_core/src/base/io_thread.cpp:25:
[INFO] [stderr]   /opt/rustwide/cargo-home/registry/src/github.com-1ecc6299db9ec823/livox-sys-0.1.1/src/Livox-SDK/sdk_core/src/base/io_loop.h:33:10: fatal error: apr_general.h: No such file or directory
[INFO] [stderr]      33 | #include "apr_general.h"
[INFO] [stderr]         |          ^~~~~~~~~~~~~~~
[INFO] [stderr]   compilation terminated.
[INFO] [stderr]   make[3]: *** [sdk_core/CMakeFiles/livox_sdk_static.dir/build.make:76: sdk_core/CMakeFiles/livox_sdk_static.dir/src/base/io_loop.cpp.o] Error 1
[INFO] [stderr]   make[3]: *** [sdk_core/CMakeFiles/livox_sdk_static.dir/build.make:102: sdk_core/CMakeFiles/livox_sdk_static.dir/src/base/io_thread.cpp.o] Error 1
[INFO] [stderr]   make[2]: *** [CMakeFiles/Makefile2:262: sdk_core/CMakeFiles/livox_sdk_static.dir/all] Error 2
[INFO] [stderr]   make[1]: *** [CMakeFiles/Makefile2:269: sdk_core/CMakeFiles/livox_sdk_static.dir/rule] Error 2
[INFO] [stderr]   make: *** [Makefile:164: livox_sdk_static] Error 2
[INFO] [stderr]   thread 'main' panicked at '
[INFO] [stderr]   command did not execute successfully, got: exit code: 2
[INFO] [stderr] 
[INFO] [stderr]   build script failed, must exit now', /opt/rustwide/cargo-home/registry/src/github.com-1ecc6299db9ec823/cmake-0.1.40/src/lib.rs:832:5
[INFO] [stderr]   stack backtrace:
[INFO] [stderr]      0:     0x5562155b51b5 - backtrace::backtrace::libunwind::trace::h5e2646fa3eddf2ea
[INFO] [stderr]                                  at /cargo/registry/src/github.com-1ecc6299db9ec823/backtrace-0.3.46/src/backtrace/libunwind.rs:86
[INFO] [stderr]      1:     0x5562155b51b5 - backtrace::backtrace::trace_unsynchronized::hb95dd7f77ce47877
[INFO] [stderr]                                  at /cargo/registry/src/github.com-1ecc6299db9ec823/backtrace-0.3.46/src/backtrace/mod.rs:66
[INFO] [stderr]      2:     0x5562155b51b5 - std::sys_common::backtrace::_print_fmt::h5e71b67af43fd70d
[INFO] [stderr]                                  at src/libstd/sys_common/backtrace.rs:78
[INFO] [stderr]      3:     0x5562155b51b5 - <std::sys_common::backtrace::_print::DisplayBacktrace as core::fmt::Display>::fmt::hdb4a83d2b61107e5
[INFO] [stderr]                                  at src/libstd/sys_common/backtrace.rs:59
[INFO] [stderr]      4:     0x5562155dfffc - core::fmt::write::ha20e7262fa3e8a7a
[INFO] [stderr]                                  at src/libcore/fmt/mod.rs:1076
[INFO] [stderr]      5:     0x5562155b13d2 - std::io::Write::write_fmt::h1aebfe8a5a79e36d
[INFO] [stderr]                                  at src/libstd/io/mod.rs:1537
[INFO] [stderr]      6:     0x5562155b7ed0 - std::sys_common::backtrace::_print::h9c07314cc66ba539
[INFO] [stderr]                                  at src/libstd/sys_common/backtrace.rs:62
[INFO] [stderr]      7:     0x5562155b7ed0 - std::sys_common::backtrace::print::hd1fd65f49a2d8544
[INFO] [stderr]                                  at src/libstd/sys_common/backtrace.rs:49
[INFO] [stderr]      8:     0x5562155b7ed0 - std::panicking::default_hook::{{closure}}::h222da46485ab36fc
[INFO] [stderr]                                  at src/libstd/panicking.rs:198
[INFO] [stderr]      9:     0x5562155b7c1c - std::panicking::default_hook::hc5868949d129ed00
[INFO] [stderr]                                  at src/libstd/panicking.rs:217
[INFO] [stderr]     10:     0x5562155b8513 - std::panicking::rust_panic_with_hook::h26a6ab8b0993c0c8
[INFO] [stderr]                                  at src/libstd/panicking.rs:526
[INFO] [stderr]     11:     0x5562155b810b - rust_begin_unwind
[INFO] [stderr]                                  at src/libstd/panicking.rs:437
[INFO] [stderr]     12:     0x5562155b807b - std::panicking::begin_panic_fmt::h2ff295231415d4a6
[INFO] [stderr]                                  at src/libstd/panicking.rs:391
[INFO] [stderr]     13:     0x556215556cc7 - cmake::fail::h350e21e1a182d763
[INFO] [stderr]                                  at /opt/rustwide/cargo-home/registry/src/github.com-1ecc6299db9ec823/cmake-0.1.40/src/lib.rs:832
[INFO] [stderr]     14:     0x55621555660e - cmake::run::hc32defaab4bdca5b
[INFO] [stderr]                                  at /opt/rustwide/cargo-home/registry/src/github.com-1ecc6299db9ec823/cmake-0.1.40/src/lib.rs:810
[INFO] [stderr]     15:     0x556215552d0f - cmake::Config::build::h9c76f6640ccbf364
[INFO] [stderr]                                  at /opt/rustwide/cargo-home/registry/src/github.com-1ecc6299db9ec823/cmake-0.1.40/src/lib.rs:719
[INFO] [stderr]     16:     0x55621500e45f - build_script_build::main::h2bfd4bd04aa127ee
[INFO] [stderr]                                  at /opt/rustwide/cargo-home/registry/src/github.com-1ecc6299db9ec823/livox-sys-0.1.1/build.rs:19
[INFO] [stderr]     17:     0x55621501025b - std::rt::lang_start::{{closure}}::h26c184cca61ad379
[INFO] [stderr]                                  at /rustc/cfbc6d4cf1acbac5c025acf8ed68929caa551df3/src/libstd/rt.rs:67
[INFO] [stderr]     18:     0x5562155b88e3 - std::rt::lang_start_internal::{{closure}}::h84a998219831fa70
[INFO] [stderr]                                  at src/libstd/rt.rs:52
[INFO] [stderr]     19:     0x5562155b88e3 - std::panicking::try::do_call::he8e1d689a3e26def
[INFO] [stderr]                                  at src/libstd/panicking.rs:348
[INFO] [stderr]     20:     0x5562155b88e3 - std::panicking::try::h264b6eebc2fa7bbf
[INFO] [stderr]                                  at src/libstd/panicking.rs:325
[INFO] [stderr]     21:     0x5562155b88e3 - std::panic::catch_unwind::hbf28fafa723b2128
[INFO] [stderr]                                  at src/libstd/panic.rs:394
[INFO] [stderr]     22:     0x5562155b88e3 - std::rt::lang_start_internal::he959aa59bc3ec202
[INFO] [stderr]                                  at src/libstd/rt.rs:51
[INFO] [stderr]     23:     0x556215010237 - std::rt::lang_start::h23d254fbe8e4e367
[INFO] [stderr]                                  at /rustc/cfbc6d4cf1acbac5c025acf8ed68929caa551df3/src/libstd/rt.rs:67
[INFO] [stderr]     24:     0x55621500e6fa - main
[INFO] [stderr]     25:     0x7f4cda30d0b3 - __libc_start_main
[INFO] [stderr]     26:     0x55621500e1ae - _start
[INFO] [stderr]     27:                0x0 - <unknown>
[INFO] running `Command { std: "docker" "inspect" "edcef4fe273b1b19fbb85abb689d2a7099afda16bffeaeb1b7bd80ba87a1ca55", kill_on_drop: false }`
[INFO] running `Command { std: "docker" "rm" "-f" "edcef4fe273b1b19fbb85abb689d2a7099afda16bffeaeb1b7bd80ba87a1ca55", kill_on_drop: false }`
[INFO] [stdout] edcef4fe273b1b19fbb85abb689d2a7099afda16bffeaeb1b7bd80ba87a1ca55
